rime factors of q?
2, 3
Suppose 0*s + 3*b - 664 = -s, 4*b = -s + 667. What are the prime factors of s?
5, 131
Let c(z) = 38*z - 14. List the prime factors of c(13).
2, 3, 5
Suppose 73 = -3*n + 1. List the prime factors of (n/10)/(10/(-50)).
2, 3
Let d be (3*8/(-36))/(2/(-42)). Let a = 3 + d. What are the prime factors of a?
17
Let n(j) = j**3 + 8*j**2 - 20*j + 22. Suppose 3*o = -32 + 2. What are the prime factors of n(o)?
2, 11
Let a(k) = -4*k**3 + 1 + 4*k + k**3 + 2*k**2 + 2*k**3. Suppose -2*j + 3*b + 2 - 8 = 0, -5*b = 3*j - 29. List the prime factors of a(j).
2
Let t be (-1)/(-4) - 393/(-12). Let m = -20 + 12. Let f = t + m. What are the prime factors of f?
5
Let w(x) = -x**2 + 5*x - 4. Let a be w(3). Let l be (a/(-4))/(5/150). Let k = -7 - l. What are the prime factors of k?
2
Let u be 1 + -4 + 54/3. Let c = u + -12. Suppose 75 = h + h + c*j, -2*h + 2*j + 60 = 0. List the prime factors of h.
3, 11
What are the prime factors of (-3125)/(-1) - 190/19?
5, 7, 89
Let k = -624 - -6654. List the prime factors of k.
2, 3, 5, 67
Let p be (-3 - (-4 + 1)) + -2. Let s be (1 + p/1)*-1. List the prime factors of 42 - s/(-2)*2.
43
Let r(k) be the first derivative of k**3/3 - 7*k**2/2 + k - 1. Let v be r(8). Suppose -f - 19 = -i, -66 = -5*i + f + v. List the prime factors of i.
2, 7
Suppose 0 = -c - 0*c + 9. List the prime factors of (-3 + 499/(-3))*c/(-6).
2, 127
List the prime factors of (-108339)/(-161) + 10/115.
673
Let t = -199 - -307. Suppose -t = 2*p + 2*p. Let v = 47 + p. List the prime factors of v.
2, 5
Let z = 166 - 50. Suppose -z = -27*n + 26*n. List the prime factors of n.
2, 29
Let d(h) be the second derivative of -h**5/20 + h**4/2 + 8*h**3/3 + 9*h**2/2 - 15*h. What are the prime factors of d(8)?
3
Let t be ((-24)/(-40))/((-3)/(-10)). Suppose 0*i = -t*r - 3*i + 103, 3*r = 3*i + 177. What are the prime factors of r?
2, 7
Suppose 4*t - 424 = 304. List the prime factors of (-28)/t + (-1055)/(-13).
3
Let s(c) = -5*c. Let m(v) = -16*v - 1. Let d(z) = -2*m(z) + 7*s(z). List the prime factors of d(-17).
53
Suppose -3*g = -2*g - 2541. List the prime factors of g.
3, 7, 11
Suppose 4*i - 21 = i. Suppose i*w - 100 = 5*w. What are the prime factors of w?
2, 5
Suppose 0 = -4*b - 5*r + 53, -3*b = -2*r - 0 - 11. Let w(u) = -3 - u**2 + b + u - 6*u. List the prime factors of w(-5).
2
Suppose -5*k = 2*r - 900, 2*r + 2*k = 5*r - 1369. Suppose -4*j + 5*u = -r + 48, -j - u + 95 = 0. List the prime factors of j.
2, 7
Let o = 23 + -16. Let h(m) = 2*m - 6. Let b be h(o). List the prime factors of 4/(b/(-5))*-6.
3, 5
Let y(v) = -v**2 - 12*v - 36. Let w be y(-9). List the prime factors of (-1236)/(-9) + w/27.
137
Let g = -145 - -440. What are the prime factors of g?
5, 59
Let v be -35 + 3/6*0. Let b = -33 - v. What are the prime factors of b?
2
Suppose 4*c + 5 = -5*q + 2*q, -15 = 5*q. Let w(z) = 83*z**2 + z. List the prime factors of w(c).
2, 3, 7
Let q(n) = -n**3 - 30*n**2 + 57*n + 39. List the prime factors of q(-32).
263
Let i = -873 - -1487. List the prime factors of i.
2, 307
Let p(l) = -l**3 + 6*l**2 + 3*l - 9. Let v be p(6). Suppose v = 4*f + 1. Suppose -2*q - f*h = 4 - 42, 4*h + 85 = 3*q. List the prime factors of q.
23
Let h = 1042 - 1954. What are the prime factors of (-1)/((-10)/h)*(-60)/18?
2, 19
Suppose 8*z - 6518 = -1214. Suppose -2*l + z = 115. List the prime factors of l.
2, 137
Suppose 0 = -0*a + a - 186. Suppose -5*t - 2*h = -a - 237, -3*t + 269 = 5*h. List the prime factors of t.
83
Let b = 13 + 14. Suppose g = b + 5. What are the prime factors of g?
2
Let m(r) = r - 4. Let i be m(9). Let b be ((-2)/(-5))/(i/25). Suppose -3*j - 12 = 0, -k - 2*j + b + 3 = 0. What are the prime factors of k?
13
Let o = 48 - 17. Let n = o + 81. List the prime factors of n.
2, 7
What are the prime factors of (-562507)/(-385) - 20/350?
3, 487
Suppose -3*t + 10 = -2. Suppose 3*c + l + l = 134, 5*c - 260 = t*l. What are the prime factors of c?
2, 3
Let w = 139 + -123. Suppose 123 = w*u - 2789. List the prime factors of u.
2, 7, 13
Suppose -4*j + 0*j - 15 = i, 3 = 3*j - 4*i. List the prime factors of -6*(-3 + j) + 4.
2, 5
Let a = -31 - -94. Let q = -48 + a. What are the prime factors of q?
3, 5
Suppose 2*j - 521 - 175 = 0. Suppose -4*g = -j - 52. List the prime factors of g.
2, 5
Suppose -4*z + 28 = 5*h, 1 + 7 = -4*z + 4*h. Suppose -17 = -z*n + 3*a, -7*a + 44 = 4*n - 3*a. Let g(t) = 2*t + 12. What are the prime factors of g(n)?
2
Suppose 3*z + 4 = 25. Let b = -7 + z. Suppose 5*d - 139 + 19 = b. What are the prime factors of d?
2, 3
Let h = 1 + -1. Let n(y) = 7*y + 2*y**2 - y**2 - 4*y + 5 + h. What are the prime factors of n(6)?
59
Suppose 3*g + g - 468 = r, 0 = r - 4. Let l = 17 - 58. Let m = l + g. List the prime factors of m.
7, 11
Let r(n) = -2*n**3 + 8*n**2 - 6*n - 4. Let f be r(5). Let j be ((-18)/(-4))/((-6)/f). Suppose 3*x + 0*x = j. List the prime factors of x.
3, 7
Let h = 6 - 2. Suppose h*p + 61 = -5*f - 12, -5*p = 3*f + 88. Let z = 56 + p. List the prime factors of z.
3, 13
Let z(u) = 9*u - 3. Let g be z(3). Suppose i + 2 = -3*s - 6, -4*i = 4*s + g. List the prime factors of 1*164*i/(-20).
41
Suppose 3*j - j - 624 = 4*w, 1224 = 4*j - 2*w. What are the prime factors of j?
2, 19
Let n(g) = -g**3 + 3*g**2 - 3*g + 2. Let o be n(2). List the prime factors of -9*(o + 1)*-4.
2, 3
Suppose b - 2*l - 3 = 0, -3*b - l + 0*l = 19. Let w be (12/(-10))/(2/b). Suppose w*y - 2*y = 34. What are the prime factors of y?
2, 17
Let y be (-2)/(1 - (-3)/(-2)). Suppose -2*j - j = w - 37, -y*w - 4*j + 116 = 0. List the prime factors of w.
5
Suppose 0 = -12*m + 17*m - 4710. Suppose -m = -7*z - 340. What are the prime factors of z?
2, 43
Suppose 10 = 4*x - 2*x - 3*t, 3*x - 15 = -4*t. Suppose 2*v + k = -2*k + 124, 4*k + 264 = x*v. Suppose 0 = 4*o + 8 - v. What are the prime factors of o?
2, 3
Suppose 2*k = -k - 126. Let r = 5 + -2. What are the prime factors of k*(r + (-10)/3)?
2, 7
Let b(f) = -f**3 - 7*f**2 + 17*f - 6. Let r be b(-10). Let p = 94 + r. List the prime factors of p.
2, 109
Let l(d) = -d**2 - 2*d + 5. Let j be l(-3). Let q = 71 - j. List the prime factors of q.
3, 23
Let s be (-3)/(9/(-762)) + 1. Let d = s + -167. Suppose -6*y - d = -8*y. List the prime factors of y.
2, 11
Let q(x) = -x**3 - 4*x**2 + x + 8. Let u be q(-4). Suppose 7*o = 4*t + 3*o - 332, 0 = -u*t - 4*o + 308. What are the prime factors of t?
2, 5
Let d be 2/(-13) + (-246)/(-78). Let s be (-66)/(-18) - (-1)/d. Suppose 5*r - 1 = -s*i, r - 1 = 3*i - 16. What are the prime factors of i?
2
List the prime factors of (-2)/(-12) - 57145/(-66).
2, 433
Suppose 8*a - 9870 = -1070. Suppose 2*r + a = 13*r. List the prime factors of r.
2, 5
Let j = 5800 + -3449. List the prime factors of j.
2351
Suppose -2*d = 3*b - 258 + 86, 4*b = -5*d + 444. What are the prime factors of d?
2, 23
Let p(x) = -x**2 - 5*x - 6. Let u be p(-3). Let j(g) = g**3 - g + 25. What are the prime factors of j(u)?
5
Suppose -207 = 2*c - 689. Suppose 4*l - 1014 = n - 3*n, l - c = 2*n. List the prime factors of l.
251
Let j = -1267 + 4256. What are the prime factors of j?
7, 61
Suppose -3*x - 42*x + 163710 = 0. What are the prime factors of x?
2, 17, 107
Let p = -1801 - -4125. What are the prime factors of p?
2, 7, 83
Let u = 2 + 3. Suppose u*c = -0*c + 80. Let q = 7 + c. What are the prime factors of q?
23
Let y(n) be the first derivative of n**6/360 + n**5/60 + n**4/6 - 3*n**3 - 5. Let s(h) be the third derivative of y(h). What are the prime factors of s(5)?
3, 13
Let q(o) = 10*o**2 - 14. What are the prime factors of q(6)?
2, 173
Let f be (107/(-3) - 3)/((-4)/6). Suppose 4*j + f = 386. What are the prime factors of j?
2, 41
Suppose 71 = -2*w + 67, -3*o = 3*w - 17850. List the prime factors of o.
2, 3, 31
Let j = 217 - -66. List the prime factors of j.
283
Suppose 8*h = 3*h - 40. Let w be -1*8*4/h. Suppose 3*o - 62 = -4*a, 0 = -w*a + 3 - 19. List the prime factors of o.
2, 13
Let n be (20/15)/2*627. Suppose 5*h = 177 + n. What are the prime factors of h?
7, 17
Suppose -8 - 8 = -8*q. Suppose -q*l + 221 = 3. What are the prime factors of l?
109
Suppose -3188 + 104 = -12*q. List the prime factors of q.
257
Suppose 4*v - 303 = -4*q + 729, v - 5*q - 240 = 0. List the prime factors of v.
3, 5, 17
Suppose -64 = -2*o - 2*q + 5*q, -96 = -3*o - 3*q. Suppose 5